 - (18 - 1 - -1) - 59?
-73
What is -7 - 13 - 28 - -59?
11
What is 47 - (6 + 51 - 51)?
41
Evaluate 5 - (-2 + (-19 - -33) - -48).
-55
What is 41 + (-35 + 27 + (-1 - -2) - -14)?
48
Evaluate -32 + 12 + -2 + (-17 - 43) + 34.
-48
What is the value of (337 - 531) + 50 + -2 + -10?
-156
Calculate (-3 - -52) + (-116 - -28).
-39
What is (36 - (10 + 52)) + 49?
23
Evaluate (18 - 22) + 0 - (30 - -5 - (-4 - -3)).
-40
Evaluate 2 - -1 - (71 - 5) - (-303 - -290).
-50
What is (-6 - 48 - -20) + 19 - (-1 + -68)?
54
What is the value of 80 + -72 + -41 + 26?
-7
Calculate 47 + 3 - 63 - -33.
20
42 - (-1 + 28 - 24) - 2
37
What is the value of 13 + 2 + 1 + -16 + 17 + -16?
1
Calculate (-4 - (0 - (32 - 39))) + 5.
-6
What is (23 - -24) + (-111 - -38)?
-26
Calculate -38 + 80 + 62 + -88.
16
What is 64 + -6 + (665 - 766)?
-43
1 - ((14 - 0) + -1) - (34 - 41)
-5
10 - (-12 + 32 - (-23 + 0))
-33
What is the value of (28 - 44) + -25 - -119?
78
What is -52 + 13 + -12 + 24 + -9?
-36
Calculate 20 + (-78 - ((4 - -1) + 14)).
-77
Calculate (3 - (-2 - -11)) + -11 + 17 + -9 + 21.
12
872 + -746 - (207 + -3)
-78
Evaluate (-79 - (-36 - -35)) + (-2 - (15 - 5)).
-90
Calculate -8 + 1 + -11 + (49 - (-47 - -88)).
-10
Evaluate 18 + -24 + 34 + -57.
-29
Evaluate -25 + -19 + 25 - -54 - -14.
49
-15 + (6 - 3) + (-3 + 6 - (11 + 9))
-29
Calculate 16 - -7 - 8 - (9 - (10 - -13)).
29
Calculate (-2 - -9 - (5 + 8) - (-17 + 2)) + -40.
-31
Evaluate 44 - 24 - (38 + -8).
-10
What is the value of (-101 + 26 - -57) + (-1 - -3) - (97 + 13)?
-126
Calculate 4 + 62 - (-1 - 4 - (46 - 49)).
68
Calculate (-7 - (4 + 39 + 11)) + -4 + -2 + 4.
-63
What is -19 - (-71 + -36) - 70?
18
Evaluate 83 + 19 + 38 - 30.
110
What is the value of 12 - (38 + -7) - -11 - 15?
-23
Evaluate 4 + 0 + -30 + -12 + 16 + 16 + 95.
89
What is the value of -16 - (-11 - (61 - (10 - (-4 - -6))))?
48
What is the value of -39 - (-14 + -41 + 25)?
-9
What is the value of -142 - (-7 + (-49 - -28))?
-114
1243 + -1236 - (44 + (5 - (-1 - (4 - 7))))
-40
-3 + 2 + (-13 + 15 + -3 - 13 - -74)
59
What is the value of -30 - ((-36 - -4) + -3 - -11)?
-6
What is the value of -70 + -3 + (-7 - -16 - (16 - 5))?
-75
Calculate 45 + 37 + -12 - 5 - 15.
50
Calculate -4 + 14 + (5 - 8) + -12 + 19.
14
Calculate 34 + -13 + -41 - -17.
-3
What is 28 + -3 + -11 + (2 - -57) - -3?
76
((4 - -21) + -56 - -101) + 7
77
What is the value of 31 + (52 - 146 - (8 - 3))?
-68
What is the value of (-4 - (-127 - 4)) + (14 - 13) - (33 + -29)?
124
What is 0 + -62 + (-3 - -18) + 6?
-41
What is -19 + 1 + -1764 + 1761?
-21
Evaluate 36 + 44 + -81 + -24.
-25
-57 + -76 + 16 + 57
-60
What is the value of 2 + 1 - (-4 - -31) - (52 + -46)?
-30
What is (0 - (1 - 0)) + -2 + -71 + (-21 - -111)?
16
What is the value of -2 - (-3 - 9) - (-1201 - -1189)?
22
Calculate 55 - (136 + (-28 - 46)).
-7
107 - (-1 - -3) - (-15 + -45 + 55)
110
What is 3 - -25 - (9 + -6 + -12 - -21)?
16
Evaluate 27 + 3 + -33 + 33 + 28.
58
(5 - 18) + (7 + -90 - -119)
23
What is the value of -91 - -183 - (-8 - (-7 - (-9 + 4 - -18)))?
80
Calculate 3 + -2 - -3 - (-381 - -437).
-52
Evaluate (-38 - (-6 - -6)) + (-80 - -107).
-11
(17 - (18 + 17 - 19)) + 41 + -2
40
What is the value of -97 - (-36 - (4 + 52))?
-5
Evaluate (-3 - -3) + -57 + (109 - (138 - 18)).
-68
What is -23 - (-175 + 119 + 30)?
3
What is the value of 1 - -2 - (36 - -20 - 25)?
-28
Calculate -26 + 13 + -41 + 64.
10
What is -3 + 4 + 1758 + -1767?
-8
Calculate -9 - ((9 + -3 - 2 - (-47 - -53)) + 5).
-12
Evaluate (-15 - (1 + -2)) + 486 + -470.
2
What is -11 + 3 + 11 + (28 - 13)?
18
What is -21 + -49 + (-8 - (-2 + -19))?
-57
(0 - 12) + 6 + 61 + (-25 - (-20 - 3))
53
What is the value of 100 + (51 - 93) - (1 + 2 + 2)?
53
Calculate 42 + (-137 - -103) + (0 - 20).
-12
Evaluate 5 - (-11 - ((-1 - 5) + -69 + 90)).
31
Evaluate -5 + (-37 + 30 - ((8 - (-11 - -7)) + -8)).
-16
What is the value of (13 - -25) + -6 + 5 - (1 + -8 + 5)?
39
(-2 - -43) + (-178 - -95)
-42
What is (10 - -4) + (321 - 329) + (-8 - 0)?
-2
Calculate -77 - (7 - (5 - (-9 - 0))) - (2 + 0).
-72
(30 - (77 - 37)) + 54
44
Calculate 11 + -8 + -11 + -8 + 6 + (14 - 6).
-2
What is -12 + -185 + 226 + 3 + -14?
18
What is the value of -11 - (-3 + (-3 - -2) + -3 - (-18 - -38))?
16
What is -25 - (83 + -88) - 13?
-33
Evaluate 1 + -1 + 1 + -2 + -21 + -19 + 138.
97
What is the value of 8 - (-1451 + 1415 - (-10 - -1))?
35
120 - (0 - (-16 - (13 + -17 - 4)))
112
What is 170 + (-43 - 6) - 37?
84
What is 4 + -1 + 26 + (13 - -11) + -65?
-12
What is the value of 24 + -107 + 67 + -8?
-24
What is 17 - -7 - ((7 + -3 - 10) + (29 - 14))?
15
What is the value of (6 - ((29 - 17) + -1)) + 41?
36
What is 2 - (-3 + 1 + -32) - (130 + (-60 - 57))?
23
What is the value of (-155 - (-11 + 3 - -28)) + 44?
-131
Evaluate -88 - -25 - ((-7 - -45) + -26).
-75
What is -41 - -31 - ((33 - 7) + -5 + -9)?
-22
Calculate (13 + -34 - -19 - -7) + (0 - -39).
44
Evaluate -879 + 850 - (-34 - 0) - (1 + 0 + -40).
44
What is the value of -17 + 8 - 1 - ((56 - 6) + (3 - 9))?
-54
What is (-30 - -53) + -18 + -49?
-44
What is the value of (-48 - -1 - 2) + (42 - (36 + (-63 - -80)))?
-60
What is the value of -70 - (3 + -6) - (-38 - (-68 + 31))?
-66
-1 - -13 - (28 + 1 + -696 + 667)
12
Calculate (-3 - 14) + -6 + -11 + (6 - -2).
-26
Calculate -101 + 154 - (1 + 19).
33
Evaluate 28 + -40 + 4 + 13 + (4 - 19).
-10
What is -9 + -20 + 2 + -10 - 18?
-55
What is the value of 9 + (93 - 232) + 107?
-23
Calculate -2 - (-4 - (1 - -1)) - -1 - (-137611 - -137571).
45
Calculate 169 - 88 - 65 - 141.
-125
Calculate 9 + -81 + 6 + (-4 - 14) + 5 + -4.
-83
What is 8 + (-31 - -7) + -22?
-38
Evaluate (1 + -10 + -7 - 5 - (-3 - -10)) + 10.
-18
Evaluate 17 - (5 + (-18 - -7 - -21)).
2
Evaluate -37 - (-57 + 95 + -25).
-50
51 + -68 + 33 + (-4 - 82)
-70
Evaluate (-59 - ((14 - 39) + 25)) + (-12 - -18).
-53
83 + -101 + 47 - -4
33
Evaluate -12 + (10 - (22 - 13)) + 12 + 12.
13
What is (-13 - 4 - (29 + 8)) + 15 + -1?
-40
What is the value of -3 + 94 + 49 - 38?
102
Evaluate 4 + -1 + -2 + 3 - (12 - -38 - 13).
-33
What is the value of -23 + (1 - -2) + 12 + -2?
-10
-13 + ((1 - 18) + 3 - (-40 + 1)) + 15
27
What is 7 - (7 + 33 + -2 + (2 - (15 + -18)))?
-36
What is 34 + -3 + -15 - 30?
-14
What is -8 + 58 - (6 - (-17 - -7))?
34
What is 0 - (-17 + 3) - (-46 + 23)?
37
4941 + -5029 + 0 + 53
-35
Calculate (-2 - 12) + (-435 - -410).
-39
What is -13 - -16 - -12 - (0 + -12)?
27
Evaluate (33 - (-6 - -12)) + -14 + (-12 - -10).
11
Evaluate -15 - (-53 - -30) - ((-1 - 3) + 117).
-105
(-9 + -50 - -60) + -79
-78
(-36 - -38) + (9 + -1 - (-6 + 12) - 20)
-16
Evaluate (18 - -1) + (-2 - (67 - 52)).
2
What is 3869 - 3836 - (8 + 2)?
23
Calculate (45 + 45 - 56) + -55.
-21
What is the value of 4 - 29 - ((-29 - -10) + -4 + 8)?
-10
(9 - (-55 - -87)) + 36
13
Evaluate -19 - (19 - (2 - (30 + 3))).
-69
What is the value of 22 + -1 + -7 + -36 + 47?
25
What is -64 - -21 - (1 + -20 + 8)?
-32
What is 15 + (-6 - (28 + -10 + -5)) + -12?
-16
What is (59 - -73) + -119 - -124?
137
(-4038 - -4131) + -71 + 0
22
21 + (10 + 6 + (6 - 9) + -2 - 14)
18
What is the value of 1443 - 1554 - (1 - (19 - -1))?
-92
440 + -466 + (2 - 2 - -20)
-6
-1 + 17 + 207 + -273 + 16
-34
What is the value of 9 - (16 + -14 + 23 + -13)?
-3
Evaluate 48 + (37 - 37 - 49).
-1
What is the value of 90 + (-38 + 66 - 72)?
46
What is -2 - ((-53 - (17 - 58)) + -100)?
110
What is -3 - 13 - (94 + -122 + 85)?
-73
What is the value of (-91 - (8 + -18 - -20 - 14)) + 13?
-74
What is the value of 13 + -6 + -44 + -1 + 18?
-20
What is 1 - (-14 - -8 - (-2 + -53)) - 8 - -4?
-52
Evaluate (-62 - -7) + 58 - 37.
-34
Evaluate 72 + (-34 - 32 - 3).
3
Calculate 6 + 2 + (-88 + 81 - 53).
-52
12 - (-1 + 4) - (-86 + (144 - 64))
15
Calculate 1 + 36 - (1 + (12 + (-20 - -13) - -1)).
30
What is 18 - (-15 + 12 + -19 + 25)?
15
Calculate -66 + (-5 - -18) + -67 + 46.
-74
What is (8 + -51 + -6 - (6 - -9)) + -1?
-65
-24 - (7 + (3 - 6) + -6)
-22
-1 + -12 + -4 + 140 + -16 + -29
78
Evaluate 25 - (46 - 11 - 20).
10
1 - (6 + 7 - 17) - 21 - 10
-26
What is 46 + 1 + (-17643 - -17614)?
18
Evaluate (31 - 0) + 53 + -79 + 18.
23
Evaluate -2098 + 1951 + (108 - 0).
-39
What is 60 - (-25 - -97 - 27 - 63)?
78
What is (-2 + 9 - (56 + -51)) + (0 + 0 - 36)?
-34
Calculate -1602 + 1596 + (-44 - 2) + (16 - 2).
-38
34 - (98 + 16 + -53)
-27
What is the value of (47 - 21) + -28 